{"id":7158,"date":"2021-02-17T11:53:36","date_gmt":"2021-02-17T10:53:36","guid":{"rendered":"https:\/\/www.info.hazu.hr\/clanovi\/degan-vladimir-duro\/"},"modified":"2023-08-04T12:49:57","modified_gmt":"2023-08-04T10:49:57","slug":"degan-vladimir-duro","status":"publish","type":"clanovi","link":"https:\/\/www.info.hazu.hr\/en\/clanovi\/degan-vladimir-duro\/","title":{"rendered":"Degan Vladimir-\u0110uro"},"content":{"rendered":"<p>Academic titles:<\/p>\n<ul>\n<li>Professor<\/li>\n<li>Professor Eemeritus<\/li>\n<\/ul>\n<p>Institutions:<\/p>\n<ul>\n<li>professor emeritus &#8211; Faculty of Law University of Rijeka<\/li>\n<li>member &#8211; Institut de droit international<\/li>\n<li>fellow &#8211; Marco Polo Fellow of the Silk Road Institute of International Law, Xian Jiaotong University (Chine)<\/li>\n<\/ul>\n<p>Functions in Academy:<\/p>\n<ul>\n<li>head &#8211; Adriatic Institute<\/li>\n<\/ul>\n<p>Membership in Academy:<\/p>\n<ul>\n<li>associate member &#8211; Department of Social Sciences\u00a0(05\/17\/1990 &#8211; 03\/27\/2022)<\/li>\n<\/ul>\n<hr \/>\n<h3>Curriciulum Vitae<\/h3>\n<p align=\"justify\"><strong>Vladimir-Djuro Degan<\/strong>, Croatian lawyer (July 2, 1935, Bosanski Brod &#8211; March 27, 2022, Zagreb)<\/p>\n<p align=\"justify\">He was member of the Institute of International Law; Marco Polo Fellow of the Silk Road Insti\u00adtute of International Law, Xi&#8217;an Jiaotong University (China), and Em\u00admeritus Professor of the Univer\u00adsity in Rijeka.<\/p>\n<p align=\"justify\">Having finished his studies at the Faculty of Law in Sarajevo, he lectured Comparative Government and Public Inter\u00adnational Law at the Faculty of Political Sciences of the Sarajevo Univer\u00adsity between 1969 and 1981. In 1981, he moved to Croatia.<\/p>\n<p align=\"justify\">Between 1979 and 1991, he organized three-week courses in Inter\u00adnational Law and International Relations at the Inter-University Centre in Dubrovnik, each year alternately in English and French.<\/p>\n<p align=\"justify\">In 1984, he was <em>professeur associ\u00e9\u00a0<\/em>to l&#8217;Universit\u00e9 du\u00a0Maine (Le Mans); and\u00a0<em>in 1990 and 1993 profes\u00adseur invit\u00e9<\/em>\u00a0to: l&#8217;Universit\u00e9 de\u00a0Nan\u00adterre (Paris XIII) and l&#8217;Universit\u00e9 Panth\u00e9on-Assas (Paris II).<\/p>\n<p align=\"justify\">In 1988 and 1992, he lectured at the Helsinki Summer School of Inter\u00adnational Law.<\/p>\n<p align=\"justify\">In 1999, he lectured at the Hague Academy of International law on the topic of &#8220;Cr\u00e9ation et disparition de l&#8217;Etat (\u00e0 la lumi\u00e8re du d\u00e9membre\u00adment de trois f\u00e9d\u00e9rations multiethniques en Europe)&#8221;.<\/p>\n<p align=\"justify\">In 2008 he presented postgraduate courses on various topics of inter\u00adnational law at the Silk Road Institute of International Law, Xi&#8217;an Jiaotong University in China.<\/p>\n<p align=\"justify\">In 2009, with a series of lectures during six weeks, he took part in the &#8220;Advanced Studies in International Law&#8221; in Wuhan (China) in the capacity of Expert in Residence of the Wuhan University Institute of International Law.<\/p>\n<p align=\"justify\">He occasionally lectured at the Asser Instituut (The Hague), Leiden, and Tilburg Universities, as well as at various univer\u00adsities in the former Yugoslavia.<\/p>\n<p align=\"justify\">\u00a0In 1983 he was elected <em>associ\u00e9<\/em>, and since 1989 he has been full member of the\u00a0Insti\u00adtute of International Law.<\/p>\n<p align=\"justify\">Between 1991 and 1995, he was a Croatian member at the Expert Groups on Human and Mino\u00adrity Rights, and on State Succession at the International Con\u00adference on the Former Yugoslavia. Between 1996 and 2001, he was a Member of the Croa\u00adtian dele\u00adgation in the nego\u00adtiations on Succession is\u00adsues of the former Yugos\u00adlavia.<\/p>\n<p align=\"justify\">Awards: by the French Republic, dans l&#8217;Ordre des Palmes Acad\u00e9\u00admiques\u00a0<em>cheva\u00adlier<\/em>\u00a0in 1988;\u00a0<em>officier<\/em>\u00a0in 1997;\u00a0<em>comma\u00adndeur<\/em> in 2004. National Science Award for lifetime achievement in 2013 for the year 2012 for Social Sciences<\/p>\n","protected":false},"featured_media":0,"template":"","vrste_clanova":[96],"razredi":[81],"_links":{"self":[{"href":"https:\/\/www.info.hazu.hr\/en\/wp-json\/wp\/v2\/clanovi\/7158"}],"collection":[{"href":"https:\/\/www.info.hazu.hr\/en\/wp-json\/wp\/v2\/clanovi"}],"about":[{"href":"https:\/\/www.info.hazu.hr\/en\/wp-json\/wp\/v2\/types\/clanovi"}],"version-history":[{"count":10,"href":"https:\/\/www.info.hazu.hr\/en\/wp-json\/wp\/v2\/clanovi\/7158\/revisions"}],"predecessor-version":[{"id":35165,"href":"https:\/\/www.info.hazu.hr\/en\/wp-json\/wp\/v2\/clanovi\/7158\/revisions\/35165"}],"wp:attachment":[{"href":"https:\/\/www.info.hazu.hr\/en\/wp-json\/wp\/v2\/media?parent=7158"}],"wp:term":[{"taxonomy":"vrste_clanova","embeddable":true,"href":"https:\/\/www.info.hazu.hr\/en\/wp-json\/wp\/v2\/vrste_clanova?post=7158"},{"taxonomy":"razredi","embeddable":true,"href":"https:\/\/www.info.hazu.hr\/en\/wp-json\/wp\/v2\/razredi?post=7158"}],"curies":[{"name":"wp","href":"https:\/\/api.w.org\/{rel}","templated":true}]}}

Degan Vladimir-Đuro

<p>Academic titles:</p>
<ul>
<li>Professor</li>
<li>Professor Eemeritus</li>
</ul>
<p>Institutions:</p>
<ul>
<li>professor emeritus &#8211; Faculty of Law University of Rijeka</li>
<li>member &#8211; Institut de droit international</li>
<li>fellow &#8211; Marco Polo Fellow of the Silk Road Institute of International Law, Xian Jiaotong University (Chine)</li>
</ul>
<p>Functions in Academy:</p>
<ul>
<li>head &#8211; Adriatic Institute</li>
</ul>
<p>Membership in Academy:</p>
<ul>
<li>associate member &#8211; Department of Social Sciences (05/17/1990 &#8211; 03/27/2022)</li>
</ul>
<hr />
<h3>Curriciulum Vitae</h3>
<p align="justify"><strong>Vladimir-Djuro Degan</strong>, Croatian lawyer (July 2, 1935, Bosanski Brod &#8211; March 27, 2022, Zagreb)</p>
<p align="justify">He was member of the Institute of International Law; Marco Polo Fellow of the Silk Road Insti­tute of International Law, Xi&#8217;an Jiaotong University (China), and Em­meritus Professor of the Univer­sity in Rijeka.</p>
<p align="justify">Having finished his studies at the Faculty of Law in Sarajevo, he lectured Comparative Government and Public Inter­national Law at the Faculty of Political Sciences of the Sarajevo Univer­sity between 1969 and 1981. In 1981, he moved to Croatia.</p>
<p align="justify">Between 1979 and 1991, he organized three-week courses in Inter­national Law and International Relations at the Inter-University Centre in Dubrovnik, each year alternately in English and French.</p>
<p align="justify">In 1984, he was <em>professeur associé </em>to l&#8217;Université du Maine (Le Mans); and <em>in 1990 and 1993 profes­seur invité</em> to: l&#8217;Université de Nan­terre (Paris XIII) and l&#8217;Université Panthéon-Assas (Paris II).</p>
<p align="justify">In 1988 and 1992, he lectured at the Helsinki Summer School of Inter­national Law.</p>
<p align="justify">In 1999, he lectured at the Hague Academy of International law on the topic of &#8220;Création et disparition de l&#8217;Etat (à la lumière du démembre­ment de trois fédérations multiethniques en Europe)&#8221;.</p>
<p align="justify">In 2008 he presented postgraduate courses on various topics of inter­national law at the Silk Road Institute of International Law, Xi&#8217;an Jiaotong University in China.</p>
<p align="justify">In 2009, with a series of lectures during six weeks, he took part in the &#8220;Advanced Studies in International Law&#8221; in Wuhan (China) in the capacity of Expert in Residence of the Wuhan University Institute of International Law.</p>
<p align="justify">He occasionally lectured at the Asser Instituut (The Hague), Leiden, and Tilburg Universities, as well as at various univer­sities in the former Yugoslavia.</p>
<p align="justify"> In 1983 he was elected <em>associé</em>, and since 1989 he has been full member of the Insti­tute of International Law.</p>
<p align="justify">Between 1991 and 1995, he was a Croatian member at the Expert Groups on Human and Mino­rity Rights, and on State Succession at the International Con­ference on the Former Yugoslavia. Between 1996 and 2001, he was a Member of the Croa­tian dele­gation in the nego­tiations on Succession is­sues of the former Yugos­lavia.</p>
<p align="justify">Awards: by the French Republic, dans l&#8217;Ordre des Palmes Acadé­miques <em>cheva­lier</em> in 1988; <em>officier</em> in 1997; <em>comma­ndeur</em> in 2004. National Science Award for lifetime achievement in 2013 for the year 2012 for Social Sciences</p>
