{"id":5529,"date":"2021-01-26T12:13:39","date_gmt":"2021-01-26T11:13:39","guid":{"rendered":"https:\/\/www.info.hazu.hr\/clanovi\/zic-fuchs-milena\/"},"modified":"2024-03-12T09:09:39","modified_gmt":"2024-03-12T08:09:39","slug":"zic-fuchs-milena","status":"publish","type":"clanovi","link":"https:\/\/www.info.hazu.hr\/en\/clanovi\/zic-fuchs-milena\/","title":{"rendered":"\u017dic Fuchs Milena"},"content":{"rendered":"<p>Academic titles:<\/p>\n<ul>\n<li>Doctor of Science<\/li>\n<li>Fellow of the Croatian Academy of Sciences and Arts<\/li>\n<\/ul>\n<p>Institutions:<\/p>\n<ul>\n<li>Full Professor &#8211; Faculty of Humanities and Social Sciences, University of Zagreb<\/li>\n<\/ul>\n<p>Functions in Academy:<\/p>\n<ul>\n<li>member of the Presidency &#8211; Croatian Academy of Sciences and Arts (01\/01\/2019 &#8211; &#8230;)<\/li>\n<li>chair &#8211; Committee for International Cooperation (2012. &#8211; 2020.)<\/li>\n<li>member of the Presidency &#8211; Croatian Academy of Sciences and Arts (2015. &#8211; 2018.)<\/li>\n<\/ul>\n<p>Membership in Academy:<\/p>\n<ul>\n<li>full member &#8211; Department of Philological Sciences (05\/20\/2010 &#8211; &#8230;)<\/li>\n<li>associate member &#8211; Department of Philological Sciences (05\/16\/2002 &#8211; 05\/20\/2010)<\/li>\n<\/ul>\n<hr \/>\n<h3>Curriculum Vitae<\/h3>\n<p><strong>Milena \u017dic Fuchs<\/strong> was born in 1954 in Zagreb, Croatia. From 1958 to 1969 lived in London, New York, and Sydney. In 1977 graduated from the Faculty of Humanities and Social Sciences, University of Zagreb having majored in English language and literature, and Ethnology. In 1982 received M.A. in Linguistics (Semantics) and in 1989 Ph.D. in Linguistics (Cognitive Linguistics).<\/p>\n<p>From 1978 teaches various courses in Linguistics in the English Department, and at present holds position of Full Professor.<\/p>\n<p>From 1996 to 1998 was Head of the Department of English, Faculty of Humanities and Social Sciences, University of Zagreb. From 2002 to 2011 Chair of Linguistics in the English Department, University of Zagreb, where she teaches Semantics and Cognitive Linguistics as well as seminars in semantics, discourse analysis and sociolinguistics. From 2001 to 2004 she taught courses in Cognitive Linguistics for Anthropology students at the Faculty of Humanities and Social Sciences as well as courses in Cognitive Science for students of the Faculty of Electrical Engineering and Computing, University of Zagreb.<\/p>\n<p>Milena \u017dic Fuchs teaches Semantics, Cognitive Linguistics and American Linguistics and Pragmatics at doctoral level for PhD students in Linguistics, Applied Linguistics, Translation Studies, and Croatian Philology in Intercultural Context.<\/p>\n<p>In 1995\/96 she taught a course (European Structuralism vs. Cognitive Linguistics) at graduate level at New York State University at Buffalo (SUNY) as Fulbright guest professor.<\/p>\n<p>Milena \u017dic Fuchs was the first scholar to introduce Cognitive Linguistics into Croatian linguistic circles. Her book entitled Knowledge of Language and Knowledge of the World (1991) was the first book on Cognitive Linguistics written in Croatian, and is one of the most quoted books in Croatian linguistics. In 2007 she published a dictionary of acronyms together with Stjepan Babi\u0107 (20,000 items). In 2009 she published the book Cognitive Linguistics and Language Structures: the English Present Perfect (2009), for which she received the National Award for Science for 2011, awarded by the Croatian Parliament (see\u00a0<a href=\"https:\/\/www.bib.irb.hr\/pregled\/znanstvenici\/83311?order_by=year_asc\">detailed<\/a>\u00a0bibliography).<\/p>\n<p>In 2005 Milena \u017dic Fuchs became a member of the Standing Committee for the Humanities of the European Science Foundation. In 2006 she was elected member of the Core Group, and subsequently in 2009 she became the Chair of the Standing Committee for the Humanities of the European Science Foundation (2009 \u2013 2012). From 2013 to 2015 she chaired the Scientific Review Group for the Humanities of the ESF. She is also a member of numerous Scientific Advisory Boards, as well as other European level bodies. Milena \u017dic Fuchs has also acted as an expert for the European Commission, with specific focus on research infrastructures, for instance ESFRI (European Strategy Forum on Research Infrastructures).<\/p>\n<p>From 2008 Milena \u017dic Fuchs was member of the ERC Advanced Grant Panel SH4 \u201cThe Human Mind and Its Complexity\u201d and chaired this Panel from 2014 to 2015.<\/p>\n<p>In 2010 Milena \u017dic Fuchs was elected Full Member of the Croatian Academy of Sciences and Arts. In 2013 was elected member of Academia Europaea, and from 2014 she is an active member of the HERCULES Group (Higher Education Research and Culture in European Society) within Academia Europaea.<\/p>\n<p>In 2016 she was appointed member of the EC High Level Group on Maximising Impact of EU Research and Innovation Programmes, chaired by Professor Emeritus Pascal Lamy.<\/p>\n<p>In 2018 she was appointed a member of the JRC (Joint Research Centre) High-Level Peer Group of the European Commission, the European Commission&#8217;s science and knowledge service, which supports EU policies with independent scientific evidence throughout the whole policy cycle.<\/p>\n<p>In 2019 Milena \u017dic Fuchs was elected as member of the Scientific Council of the European Research Council. From January 1st, 2020 she began her mandate in the Scientific Council. In 2022 she was elected member of the Board of Academia Europaea, as well as Chair of the International Advisory Board of the University of Helsinki. The year 2022 also marks the beginning of her new mandate on the Governing Board of EASSH (European Alliance for the Social Science and Humanities).<\/p>\n<p>In 2023 she was granted the honorary title professor emerita of the University of Zagreb and received the Lifetime Achievement Award at the Faculty of Humanities and Social Sciences.<\/p>\n<p>2023 \u2013 honorary title professor emerita, University of Zagreb<\/p>\n<p>2023 \u2013 Lifetime Achievement Award, Faculty of Humanities and Social Sciences, Zagreb<\/p>\n<p>2022 \u2013 elected member of the Board of Academia Europaea<\/p>\n<p>2022 \u2013 Chair of International Advisory Board of the University of Helsinki<\/p>\n<p>2022 \u2013 member of EASSH Governing Board (European Alliance for the Social Science and Humanities), new mandate<\/p>\n<p>2020 \u2013 member of the UNA Europa Advisory Board (<em>University Alliance Europa<\/em>)<\/p>\n<p>2020 \u2013\u00a0 member of the International Council at the\u00a0<em>Institut f\u00fcr den Donauraum und Mitteleuropa<\/em>\u00a0(Chairman: Erhard Busek)<\/p>\n<p>2020 \u2013 member of ERC Scientific Council<\/p>\n<p>2020 \u2013 member of EASSH Governing Board (European Alliance for the Social Science and Humanities)<\/p>\n<p>2019 \u2013 member of the Advisory Board for NET4SOCIETY5<\/p>\n<p>2018 member of the Scientific Committee of the Austrian EU Council Presidency conference on &#8216;Impact of Social Sciences and Humanities for a European Research Agenda&#8217;<\/p>\n<p>2018 member of the Advisory Board for the Flagship Conference Enhancing Long Term Sustainability and Opening Up RIs to Society and Industry, held in Sofia, Bulgaria<\/p>\n<p>2018 \u2013 member of the JRC (Joint Research Centre) High-Level Peer Group of the European Commission<\/p>\n<p>2018 \u2013 member of International Advisory Board of the University of Helsinki<\/p>\n<p>2017 convenor of the Academia Europaea Conference: \u201cCrossing over to the Future: Interdisciplinarity in Research and Higher Education\u201d, held in Stockholm, May 2017<\/p>\n<p>2016 \u2013 2017 member of the EC High Level Group on Maximising Impact of EU Research and Innovation Programmes<\/p>\n<p>2016 \u2013 2017 member of the EC High Level Group for the Interim Evaluation of H2020 on European Research Infrastructures, including e-Infrastructures<\/p>\n<p>2016 \u2013 2018 member of Science Advisory Board for Research Infrastructure project InRoad<\/p>\n<p>2016 \u2013 2018 member of the ESOF 2018 Steering Committee (Euroscience Open Forum) &#8211; Toulouse<\/p>\n<p>2015 \u2013 member of Research Advisory Board for Europeana<\/p>\n<p>2015 \u2013 member of Expert Board of the Confucius Institute of the University of Zagreb<\/p>\n<p>2014 \u2013 2015 member of Science Advisory Group of ERIH PLUS (NSD, Bergen)<\/p>\n<p>2014 \u2013 member of the Governing Board of Zagreb University (vice-president)<\/p>\n<p>2014 \u2013 2016 member of the ESOF 2016 Steering Committee (Euroscience Open Forum) &#8211; Manchester<\/p>\n<p>2014 \u2013 2017 member of Science Advisory Board of the Faculty of Humanities and Social Sciences of the University of Helsinki<\/p>\n<p>2014 \u2013 2015 Chair of the ERC Advanced Grant Panel SH4 \u201eThe Human Mind and Its Complexity\u201c<\/p>\n<p>2014 \u2013 member of HERCULES (Higher Education Research and Culture in European Society) Group, Academia Europaea<\/p>\n<p>2013 elected member of Academia Europaea<\/p>\n<p>2013 \u2013 2015 member of ALLEA Social Sciences and Humanities Working Group, and member of ALLEA Science Advisory Board of SASSH (Survey and Analysis of Basic Research in SSH conducted at the European Academies of Sciences and Humanities)<\/p>\n<p>2013 \u2013 2015 Chair of the Scientific Review Group, ESF<\/p>\n<p>2013 \u2013 2019 member of Science Advisory Board of NET4SOCIETY (Transational Cooperation among National Contact Points for Socioeconomic Sciences and Humanities)<\/p>\n<p>2012 \u2013 2020 Croatian representative on Network Board of HERA (Humanities in the European Research Area)<\/p>\n<p>2012 \u2013 2016 member of Conseil Scientifique de R\u00e9seau Francais des Instituts d&#8217;\u00c9tudes Avanc\u00e9es (RFIEA)<\/p>\n<p>2012 \u2013 2013 member of EC Expert Group for ESFRI Roadmap (European Strategy Forum on Research Infrastructures)<\/p>\n<p>2012 \u2013 2019 member of Science Advisory Board of CLARIN \u2013 ERIC (Common Language Resources and Technology Infrastructure \u2013 European Research Infrastructure Consortium)<\/p>\n<p>2012 \u2013 President of International Board of the Croatian Academy of Sciences and Arts<\/p>\n<p>2012\u00a0 member of Organization committee for the conference Syntax of the World&#8217;s Languages V<\/p>\n<p>2012 member of Organization Committee for the conference The Embodied Foundations of Human Communicative Skills, Copenhagen<\/p>\n<p>2012 Chair of Programme and Organization Committee for ESF Junior Summit Water: Unite and Divide. Interdisciplinary Approaches for A Sustainable Future<\/p>\n<p>2012\u00a0 National Award for Science for 2011 (awarded by the Croatian Parliament)<\/p>\n<p>2011 \u2013 founding member of EASSH (European Alliance for the Social Science and Humanities) Core Group<\/p>\n<p>2011 \u2013 2014\u00a0 member of the Spinoza Prize Selection Committee<\/p>\n<p>2011 organized and chaired (together with Ruediger Klein) the section Innovate the concept \u2013 the humanities and social innovation at the conference Challenge Social Innovation, Vienna<\/p>\n<p>2010 \u2013 2019 member of the MERIL (Mapping European Research Infrastructure Landscapes) Steering Committee<\/p>\n<p>2009 Chair of the Committee for the National Latsis Prize<\/p>\n<p>2009 \u2013 2013 Chair of the Standing Commitee for the Humanities of the European Science Foundation (ESF)<\/p>\n<p>2009 \u2013 2013 Chair of the Council for the Humanities of the National Science Council in Croatia<\/p>\n<p>2009 \u2013 2012 member of Network Board of HERA (Humanities in the European Research Area)<\/p>\n<p>2008 \u2013 2013\u00a0 Member of ERC Panel \u201cThe Human Mind and Its Complexity\u201d for Advanced Grants<\/p>\n<p>2005 \u2013 2008\u00a0 Member of the Standing Committee for the Humanities of the European Science Foundation<\/p>\n<p>2004 \u2013 2009\u00a0 Member of the Council for the Humanities of the National Science Council in Croatia<\/p>\n<p>2003 \u2013 2011 Member of the Committee for National Science Awards in the Humanities in Croatia<\/p>\n<p>2003 \u2013 2009 Member of the Council for Scholarly Publications and Journals of the Croatian Ministry of Science, Education and Sports<\/p>\n<p>2002 \u2013 2011 Chair of Linguistics at the English Department, Faculty of Humanities and Social Sciences, University of Zagreb<\/p>\n<p>2000 \u2013 2008 Chair of Organizing Committees of four international Cognitive Linguistics conferences held in Dubrovnik<\/p>\n<p>1999 \u2013 2000\u00a0 \u00a0Minister of Science and Technology<\/p>\n<p>1998 \u2013 2002\u00a0 \u00a0Member of the National Scientific Council of Croatia<\/p>\n<p>1996 \u2013 1998\u00a0 \u00a0Head of the Department of English, Faculty of Humanities and Social Sciences, University of Zagreb<\/p>\n<p>1995 \u2013 1996\u00a0 Visiting professor at SUNY, Buffallo; taught course European Structuralism vs. Cognitive Linguistics at graduate level for PhD candidates both in Linguistics and Cognitive Science<\/p>\n<p>1994 \u2013 1999\u00a0 \u00a0Member of the Council for Linguistics and the Croatian Language, Ministry of Science and Technology<\/p>\n<p>1994 \u2013 1995\u00a0 \u00a0Chair of the Council for Scholarly Publications and Journals, Ministry of Science and Technology<\/p>\n<p>1991 \u2013 1998\u00a0 \u00a0Editor-in-Chief of the linguistics journal Suvremena lingvistika<\/p>\n<p>1984 \u2013 1985\u00a0 \u00a0Doctoral Fulbright scholarship, Linguistics Department, UCLA<\/p>\n<p><strong>Scientific Research Projects<\/strong><\/p>\n<ul>\n<li>2007 \u2013 2013\u00a0 Principal researcher: Theoretical cognitive linguistic research of Croatian and other languages (Ministry of Science, Education and Sports, project no. 130-1301049-1047)<\/li>\n<li>2005 \u2013 2007\u00a0 Principal researcher: Cognitive linguistic research of Croatian and English (Ministry of Science, Education and Sports, project no. 0130547)<\/li>\n<li>1996 \u2013 2001\u00a0 Principal researcher: Semantic fields and syntax (Ministry of Science and Technology, project no. 130719)<\/li>\n<li>1991 \u2013 1996 Principal researcher: Principles of lexical organization at the Institute of Linguistics, Faculty of Humanities and Social Sciences, University of Zagreb (Ministry of Science and Technology project no. 6-03-217)<\/li>\n<\/ul>\n<p><strong>Scholarly Journals\u00a0<\/strong><\/p>\n<ul>\n<li>2019 \u2013 Member of the Advisory Board of Lingue et Linguaggio<\/li>\n<li>2012 \u2013 2019\u00a0 Member of the Editorial Board of Lingue e Linguaggio<\/li>\n<li>2005 \u2013 2018 Member of the Editorial Board of Jezikoslovlje<\/li>\n<li>1991 \u2013 1998\u00a0 \u00a0Editor-in-Chief of the linguistics journal Suvremena lingvistika<\/li>\n<li>1978 \u2013 1988\u00a0 \u00a0Member of the Editorial Board and Editorial Assistant of Studia Romanica et Anglistica Zagrabiensia<\/li>\n<\/ul>\n<hr \/>\n<h3>Bibliography<\/h3>\n<p><a href=\"https:\/\/www.bib.irb.hr\/pregled\/profil\/30239\"><strong>Milena \u017dic Fuchs &#8211; Croatian Scientific Bibliography CROSBI<\/strong><\/a><\/p>\n","protected":false},"featured_media":5092,"template":"","vrste_clanova":[97],"razredi":[89],"_links":{"self":[{"href":"https:\/\/www.info.hazu.hr\/en\/wp-json\/wp\/v2\/clanovi\/5529"}],"collection":[{"href":"https:\/\/www.info.hazu.hr\/en\/wp-json\/wp\/v2\/clanovi"}],"about":[{"href":"https:\/\/www.info.hazu.hr\/en\/wp-json\/wp\/v2\/types\/clanovi"}],"version-history":[{"count":10,"href":"https:\/\/www.info.hazu.hr\/en\/wp-json\/wp\/v2\/clanovi\/5529\/revisions"}],"predecessor-version":[{"id":40788,"href":"https:\/\/www.info.hazu.hr\/en\/wp-json\/wp\/v2\/clanovi\/5529\/revisions\/40788"}],"wp:featuredmedia":[{"embeddable":true,"href":"https:\/\/www.info.hazu.hr\/en\/wp-json\/wp\/v2\/media\/5092"}],"wp:attachment":[{"href":"https:\/\/www.info.hazu.hr\/en\/wp-json\/wp\/v2\/media?parent=5529"}],"wp:term":[{"taxonomy":"vrste_clanova","embeddable":true,"href":"https:\/\/www.info.hazu.hr\/en\/wp-json\/wp\/v2\/vrste_clanova?post=5529"},{"taxonomy":"razredi","embeddable":true,"href":"https:\/\/www.info.hazu.hr\/en\/wp-json\/wp\/v2\/razredi?post=5529"}],"curies":[{"name":"wp","href":"https:\/\/api.w.org\/{rel}","templated":true}]}}

Žic Fuchs Milena

<p>Academic titles:</p>
<ul>
<li>Doctor of Science</li>
<li>Fellow of the Croatian Academy of Sciences and Arts</li>
</ul>
<p>Institutions:</p>
<ul>
<li>Full Professor &#8211; Faculty of Humanities and Social Sciences, University of Zagreb</li>
</ul>
<p>Functions in Academy:</p>
<ul>
<li>member of the Presidency &#8211; Croatian Academy of Sciences and Arts (01/01/2019 &#8211; &#8230;)</li>
<li>chair &#8211; Committee for International Cooperation (2012. &#8211; 2020.)</li>
<li>member of the Presidency &#8211; Croatian Academy of Sciences and Arts (2015. &#8211; 2018.)</li>
</ul>
<p>Membership in Academy:</p>
<ul>
<li>full member &#8211; Department of Philological Sciences (05/20/2010 &#8211; &#8230;)</li>
<li>associate member &#8211; Department of Philological Sciences (05/16/2002 &#8211; 05/20/2010)</li>
</ul>
<hr />
<h3>Curriculum Vitae</h3>
<p><strong>Milena Žic Fuchs</strong> was born in 1954 in Zagreb, Croatia. From 1958 to 1969 lived in London, New York, and Sydney. In 1977 graduated from the Faculty of Humanities and Social Sciences, University of Zagreb having majored in English language and literature, and Ethnology. In 1982 received M.A. in Linguistics (Semantics) and in 1989 Ph.D. in Linguistics (Cognitive Linguistics).</p>
<p>From 1978 teaches various courses in Linguistics in the English Department, and at present holds position of Full Professor.</p>
<p>From 1996 to 1998 was Head of the Department of English, Faculty of Humanities and Social Sciences, University of Zagreb. From 2002 to 2011 Chair of Linguistics in the English Department, University of Zagreb, where she teaches Semantics and Cognitive Linguistics as well as seminars in semantics, discourse analysis and sociolinguistics. From 2001 to 2004 she taught courses in Cognitive Linguistics for Anthropology students at the Faculty of Humanities and Social Sciences as well as courses in Cognitive Science for students of the Faculty of Electrical Engineering and Computing, University of Zagreb.</p>
<p>Milena Žic Fuchs teaches Semantics, Cognitive Linguistics and American Linguistics and Pragmatics at doctoral level for PhD students in Linguistics, Applied Linguistics, Translation Studies, and Croatian Philology in Intercultural Context.</p>
<p>In 1995/96 she taught a course (European Structuralism vs. Cognitive Linguistics) at graduate level at New York State University at Buffalo (SUNY) as Fulbright guest professor.</p>
<p>Milena Žic Fuchs was the first scholar to introduce Cognitive Linguistics into Croatian linguistic circles. Her book entitled Knowledge of Language and Knowledge of the World (1991) was the first book on Cognitive Linguistics written in Croatian, and is one of the most quoted books in Croatian linguistics. In 2007 she published a dictionary of acronyms together with Stjepan Babić (20,000 items). In 2009 she published the book Cognitive Linguistics and Language Structures: the English Present Perfect (2009), for which she received the National Award for Science for 2011, awarded by the Croatian Parliament (see <a href="https://www.bib.irb.hr/pregled/znanstvenici/83311?order_by=year_asc">detailed</a> bibliography).</p>
<p>In 2005 Milena Žic Fuchs became a member of the Standing Committee for the Humanities of the European Science Foundation. In 2006 she was elected member of the Core Group, and subsequently in 2009 she became the Chair of the Standing Committee for the Humanities of the European Science Foundation (2009 – 2012). From 2013 to 2015 she chaired the Scientific Review Group for the Humanities of the ESF. She is also a member of numerous Scientific Advisory Boards, as well as other European level bodies. Milena Žic Fuchs has also acted as an expert for the European Commission, with specific focus on research infrastructures, for instance ESFRI (European Strategy Forum on Research Infrastructures).</p>
<p>From 2008 Milena Žic Fuchs was member of the ERC Advanced Grant Panel SH4 “The Human Mind and Its Complexity” and chaired this Panel from 2014 to 2015.</p>
<p>In 2010 Milena Žic Fuchs was elected Full Member of the Croatian Academy of Sciences and Arts. In 2013 was elected member of Academia Europaea, and from 2014 she is an active member of the HERCULES Group (Higher Education Research and Culture in European Society) within Academia Europaea.</p>
<p>In 2016 she was appointed member of the EC High Level Group on Maximising Impact of EU Research and Innovation Programmes, chaired by Professor Emeritus Pascal Lamy.</p>
<p>In 2018 she was appointed a member of the JRC (Joint Research Centre) High-Level Peer Group of the European Commission, the European Commission&#8217;s science and knowledge service, which supports EU policies with independent scientific evidence throughout the whole policy cycle.</p>
<p>In 2019 Milena Žic Fuchs was elected as member of the Scientific Council of the European Research Council. From January 1st, 2020 she began her mandate in the Scientific Council. In 2022 she was elected member of the Board of Academia Europaea, as well as Chair of the International Advisory Board of the University of Helsinki. The year 2022 also marks the beginning of her new mandate on the Governing Board of EASSH (European Alliance for the Social Science and Humanities).</p>
<p>In 2023 she was granted the honorary title professor emerita of the University of Zagreb and received the Lifetime Achievement Award at the Faculty of Humanities and Social Sciences.</p>
<p>2023 – honorary title professor emerita, University of Zagreb</p>
<p>2023 – Lifetime Achievement Award, Faculty of Humanities and Social Sciences, Zagreb</p>
<p>2022 – elected member of the Board of Academia Europaea</p>
<p>2022 – Chair of International Advisory Board of the University of Helsinki</p>
<p>2022 – member of EASSH Governing Board (European Alliance for the Social Science and Humanities), new mandate</p>
<p>2020 – member of the UNA Europa Advisory Board (<em>University Alliance Europa</em>)</p>
<p>2020 –  member of the International Council at the <em>Institut für den Donauraum und Mitteleuropa</em> (Chairman: Erhard Busek)</p>
<p>2020 – member of ERC Scientific Council</p>
<p>2020 – member of EASSH Governing Board (European Alliance for the Social Science and Humanities)</p>
<p>2019 – member of the Advisory Board for NET4SOCIETY5</p>
<p>2018 member of the Scientific Committee of the Austrian EU Council Presidency conference on &#8216;Impact of Social Sciences and Humanities for a European Research Agenda&#8217;</p>
<p>2018 member of the Advisory Board for the Flagship Conference Enhancing Long Term Sustainability and Opening Up RIs to Society and Industry, held in Sofia, Bulgaria</p>
<p>2018 – member of the JRC (Joint Research Centre) High-Level Peer Group of the European Commission</p>
<p>2018 – member of International Advisory Board of the University of Helsinki</p>
<p>2017 convenor of the Academia Europaea Conference: “Crossing over to the Future: Interdisciplinarity in Research and Higher Education”, held in Stockholm, May 2017</p>
<p>2016 – 2017 member of the EC High Level Group on Maximising Impact of EU Research and Innovation Programmes</p>
<p>2016 – 2017 member of the EC High Level Group for the Interim Evaluation of H2020 on European Research Infrastructures, including e-Infrastructures</p>
<p>2016 – 2018 member of Science Advisory Board for Research Infrastructure project InRoad</p>
<p>2016 – 2018 member of the ESOF 2018 Steering Committee (Euroscience Open Forum) &#8211; Toulouse</p>
<p>2015 – member of Research Advisory Board for Europeana</p>
<p>2015 – member of Expert Board of the Confucius Institute of the University of Zagreb</p>
<p>2014 – 2015 member of Science Advisory Group of ERIH PLUS (NSD, Bergen)</p>
<p>2014 – member of the Governing Board of Zagreb University (vice-president)</p>
<p>2014 – 2016 member of the ESOF 2016 Steering Committee (Euroscience Open Forum) &#8211; Manchester</p>
<p>2014 – 2017 member of Science Advisory Board of the Faculty of Humanities and Social Sciences of the University of Helsinki</p>
<p>2014 – 2015 Chair of the ERC Advanced Grant Panel SH4 „The Human Mind and Its Complexity“</p>
<p>2014 – member of HERCULES (Higher Education Research and Culture in European Society) Group, Academia Europaea</p>
<p>2013 elected member of Academia Europaea</p>
<p>2013 – 2015 member of ALLEA Social Sciences and Humanities Working Group, and member of ALLEA Science Advisory Board of SASSH (Survey and Analysis of Basic Research in SSH conducted at the European Academies of Sciences and Humanities)</p>
<p>2013 – 2015 Chair of the Scientific Review Group, ESF</p>
<p>2013 – 2019 member of Science Advisory Board of NET4SOCIETY (Transational Cooperation among National Contact Points for Socioeconomic Sciences and Humanities)</p>
<p>2012 – 2020 Croatian representative on Network Board of HERA (Humanities in the European Research Area)</p>
<p>2012 – 2016 member of Conseil Scientifique de Réseau Francais des Instituts d&#8217;Études Avancées (RFIEA)</p>
<p>2012 – 2013 member of EC Expert Group for ESFRI Roadmap (European Strategy Forum on Research Infrastructures)</p>
<p>2012 – 2019 member of Science Advisory Board of CLARIN – ERIC (Common Language Resources and Technology Infrastructure – European Research Infrastructure Consortium)</p>
<p>2012 – President of International Board of the Croatian Academy of Sciences and Arts</p>
<p>2012  member of Organization committee for the conference Syntax of the World&#8217;s Languages V</p>
<p>2012 member of Organization Committee for the conference The Embodied Foundations of Human Communicative Skills, Copenhagen</p>
<p>2012 Chair of Programme and Organization Committee for ESF Junior Summit Water: Unite and Divide. Interdisciplinary Approaches for A Sustainable Future</p>
<p>2012  National Award for Science for 2011 (awarded by the Croatian Parliament)</p>
<p>2011 – founding member of EASSH (European Alliance for the Social Science and Humanities) Core Group</p>
<p>2011 – 2014  member of the Spinoza Prize Selection Committee</p>
<p>2011 organized and chaired (together with Ruediger Klein) the section Innovate the concept – the humanities and social innovation at the conference Challenge Social Innovation, Vienna</p>
<p>2010 – 2019 member of the MERIL (Mapping European Research Infrastructure Landscapes) Steering Committee</p>
<p>2009 Chair of the Committee for the National Latsis Prize</p>
<p>2009 – 2013 Chair of the Standing Commitee for the Humanities of the European Science Foundation (ESF)</p>
<p>2009 – 2013 Chair of the Council for the Humanities of the National Science Council in Croatia</p>
<p>2009 – 2012 member of Network Board of HERA (Humanities in the European Research Area)</p>
<p>2008 – 2013  Member of ERC Panel “The Human Mind and Its Complexity” for Advanced Grants</p>
<p>2005 – 2008  Member of the Standing Committee for the Humanities of the European Science Foundation</p>
<p>2004 – 2009  Member of the Council for the Humanities of the National Science Council in Croatia</p>
<p>2003 – 2011 Member of the Committee for National Science Awards in the Humanities in Croatia</p>
<p>2003 – 2009 Member of the Council for Scholarly Publications and Journals of the Croatian Ministry of Science, Education and Sports</p>
<p>2002 – 2011 Chair of Linguistics at the English Department, Faculty of Humanities and Social Sciences, University of Zagreb</p>
<p>2000 – 2008 Chair of Organizing Committees of four international Cognitive Linguistics conferences held in Dubrovnik</p>
<p>1999 – 2000   Minister of Science and Technology</p>
<p>1998 – 2002   Member of the National Scientific Council of Croatia</p>
<p>1996 – 1998   Head of the Department of English, Faculty of Humanities and Social Sciences, University of Zagreb</p>
<p>1995 – 1996  Visiting professor at SUNY, Buffallo; taught course European Structuralism vs. Cognitive Linguistics at graduate level for PhD candidates both in Linguistics and Cognitive Science</p>
<p>1994 – 1999   Member of the Council for Linguistics and the Croatian Language, Ministry of Science and Technology</p>
<p>1994 – 1995   Chair of the Council for Scholarly Publications and Journals, Ministry of Science and Technology</p>
<p>1991 – 1998   Editor-in-Chief of the linguistics journal Suvremena lingvistika</p>
<p>1984 – 1985   Doctoral Fulbright scholarship, Linguistics Department, UCLA</p>
<p><strong>Scientific Research Projects</strong></p>
<ul>
<li>2007 – 2013  Principal researcher: Theoretical cognitive linguistic research of Croatian and other languages (Ministry of Science, Education and Sports, project no. 130-1301049-1047)</li>
<li>2005 – 2007  Principal researcher: Cognitive linguistic research of Croatian and English (Ministry of Science, Education and Sports, project no. 0130547)</li>
<li>1996 – 2001  Principal researcher: Semantic fields and syntax (Ministry of Science and Technology, project no. 130719)</li>
<li>1991 – 1996 Principal researcher: Principles of lexical organization at the Institute of Linguistics, Faculty of Humanities and Social Sciences, University of Zagreb (Ministry of Science and Technology project no. 6-03-217)</li>
</ul>
<p><strong>Scholarly Journals </strong></p>
<ul>
<li>2019 – Member of the Advisory Board of Lingue et Linguaggio</li>
<li>2012 – 2019  Member of the Editorial Board of Lingue e Linguaggio</li>
<li>2005 – 2018 Member of the Editorial Board of Jezikoslovlje</li>
<li>1991 – 1998   Editor-in-Chief of the linguistics journal Suvremena lingvistika</li>
<li>1978 – 1988   Member of the Editorial Board and Editorial Assistant of Studia Romanica et Anglistica Zagrabiensia</li>
</ul>
<hr />
<h3>Bibliography</h3>
<p><a href="https://www.bib.irb.hr/pregled/profil/30239"><strong>Milena Žic Fuchs &#8211; Croatian Scientific Bibliography CROSBI</strong></a></p>
