{"id":5482,"date":"2021-02-19T14:09:09","date_gmt":"2021-02-19T13:09:09","guid":{"rendered":"https:\/\/www.info.hazu.hr\/clanovi\/tomicic-zeljko\/"},"modified":"2023-02-10T13:40:32","modified_gmt":"2023-02-10T12:40:32","slug":"tomicic-zeljko","status":"publish","type":"clanovi","link":"https:\/\/www.info.hazu.hr\/en\/clanovi\/tomicic-zeljko\/","title":{"rendered":"Tomi\u010di\u0107 \u017deljko"},"content":{"rendered":"<p>Academic titles:<\/p>\n<ul>\n<li>fellow of the Croatian Academy of Sciences and Arts (06\/14\/2018 &#8211; &#8230;)<\/li>\n<li>doctor of Science<\/li>\n<\/ul>\n<p>Institutions:<\/p>\n<ul>\n<li>Professor Ph.D. in tenure retired &#8211; The University of Zadar<\/li>\n<li>Senior Scientist with tenure, retired &#8211; Institute of Archaeology<\/li>\n<li>Director &#8211; Institute of Archaeology (1992 &#8211; 2013)<\/li>\n<\/ul>\n<p>Functions in Academy:<\/p>\n<ul>\n<li>head of &#8211; Historical Sciences Division (11\/05\/2020 &#8211; &#8230;)<\/li>\n<li>head of &#8211; Archaeology Division (01\/29\/2021 &#8211; &#8230;)<\/li>\n<\/ul>\n<p>Membership in Academy:<\/p>\n<ul>\n<li>full member &#8211; Department of Social Sciences (05\/10\/2018 &#8211; &#8230;)<\/li>\n<li>associate member &#8211; Department of Social Sciences (05\/20\/2010 &#8211; 05\/10\/2018)<\/li>\n<\/ul>\n<hr \/>\n<p><strong>\u017deljko Tomi\u010di\u0107<\/strong>, a Croatian archaeologist, was born on June 11, 1942, in Po\u017eega. He graduated in archaeology from the Faculty of Humanities and Social Sciences in Zagreb in 1965, and where he received his Doctorate in 1990. He was curator of the Archaeological Department of the City Museum in Vara\u017edin 1965-1972, then director of the Me\u0111imurje Museum in \u010cakovec in 1972\u20131981.\u00a0From 1986 he worked at the Institute of Archaeology in Zagreb and was its director from 1992 until retirement in 2012. He was professor at the Croatian Studies in Zagreb and at the Department for Philosophy of the Zadar University.<\/p>\n<p>Since 2018. he is a full member of the Croatian Academy of Sciences and Arts in the Department of Social Sciences.<\/p>\n<p>Tomi\u010di\u0107 led many archaeological researches in continental Croatia (early medieval cemeteries Josipovo and Zvonimirovo, old towns Ivanec, Krapina, Klenovec Humski, Ilok). He deals with late antique and medieval themes, especially Slavic culture of the early middle ages, fortified cities, problems of archaeological topography and urban archaeology.<\/p>\n<p>Main works: <em>Prilog istra\u017eivanju kronologije srednjovjekovnoga groblja na polo\u017eaju Lijeva bara u Vukovaru<\/em> (<span id=\"tgtAlignment_182\" class=\"ts-alignment-element\" data-is-focusable=\"true\">in<\/span> <span id=\"tgtAlignment_183\" class=\"ts-alignment-element\" data-is-focusable=\"true\">the<\/span> <span id=\"tgtAlignment_184\" class=\"ts-alignment-element\" data-is-focusable=\"true\">journal<\/span> <span id=\"tgtAlignment_185\" class=\"ts-alignment-element\" data-is-focusable=\"true\">Starohrvatska<\/span> <span id=\"tgtAlignment_186\" class=\"ts-alignment-element\" data-is-focusable=\"true\">prosvjeta<\/span>, 1992), <em>Zvonimirovo i Josipovo: groblja starohrvatskoga doba u Viroviti\u010dko-podravskoj \u017eupaniji<\/em> (1997), <em>Panonski periplus<\/em> (1999), <em>Arheolo\u0161ka slika ranoga srednjeg vijeka na prostoru me\u0111urje\u010dja Drave, Dunava i Save<\/em> (in the book <em>Hrvati i Karolinzi<\/em>, 2000), <em>Suhopolje \u2013 Kli\u0161kovac. Od mjestopisa do arheolo\u0161ke spoznaje<\/em> (co-author Kristina Jelin\u010di\u0107, 2011).<\/p>\n","protected":false},"featured_media":20280,"template":"","vrste_clanova":[97],"razredi":[81],"_links":{"self":[{"href":"https:\/\/www.info.hazu.hr\/en\/wp-json\/wp\/v2\/clanovi\/5482"}],"collection":[{"href":"https:\/\/www.info.hazu.hr\/en\/wp-json\/wp\/v2\/clanovi"}],"about":[{"href":"https:\/\/www.info.hazu.hr\/en\/wp-json\/wp\/v2\/types\/clanovi"}],"version-history":[{"count":6,"href":"https:\/\/www.info.hazu.hr\/en\/wp-json\/wp\/v2\/clanovi\/5482\/revisions"}],"predecessor-version":[{"id":30494,"href":"https:\/\/www.info.hazu.hr\/en\/wp-json\/wp\/v2\/clanovi\/5482\/revisions\/30494"}],"wp:featuredmedia":[{"embeddable":true,"href":"https:\/\/www.info.hazu.hr\/en\/wp-json\/wp\/v2\/media\/20280"}],"wp:attachment":[{"href":"https:\/\/www.info.hazu.hr\/en\/wp-json\/wp\/v2\/media?parent=5482"}],"wp:term":[{"taxonomy":"vrste_clanova","embeddable":true,"href":"https:\/\/www.info.hazu.hr\/en\/wp-json\/wp\/v2\/vrste_clanova?post=5482"},{"taxonomy":"razredi","embeddable":true,"href":"https:\/\/www.info.hazu.hr\/en\/wp-json\/wp\/v2\/razredi?post=5482"}],"curies":[{"name":"wp","href":"https:\/\/api.w.org\/{rel}","templated":true}]}}

Tomičić Željko

<p>Academic titles:</p>
<ul>
<li>fellow of the Croatian Academy of Sciences and Arts (06/14/2018 &#8211; &#8230;)</li>
<li>doctor of Science</li>
</ul>
<p>Institutions:</p>
<ul>
<li>Professor Ph.D. in tenure retired &#8211; The University of Zadar</li>
<li>Senior Scientist with tenure, retired &#8211; Institute of Archaeology</li>
<li>Director &#8211; Institute of Archaeology (1992 &#8211; 2013)</li>
</ul>
<p>Functions in Academy:</p>
<ul>
<li>head of &#8211; Historical Sciences Division (11/05/2020 &#8211; &#8230;)</li>
<li>head of &#8211; Archaeology Division (01/29/2021 &#8211; &#8230;)</li>
</ul>
<p>Membership in Academy:</p>
<ul>
<li>full member &#8211; Department of Social Sciences (05/10/2018 &#8211; &#8230;)</li>
<li>associate member &#8211; Department of Social Sciences (05/20/2010 &#8211; 05/10/2018)</li>
</ul>
<hr />
<p><strong>Željko Tomičić</strong>, a Croatian archaeologist, was born on June 11, 1942, in Požega. He graduated in archaeology from the Faculty of Humanities and Social Sciences in Zagreb in 1965, and where he received his Doctorate in 1990. He was curator of the Archaeological Department of the City Museum in Varaždin 1965-1972, then director of the Međimurje Museum in Čakovec in 1972–1981. From 1986 he worked at the Institute of Archaeology in Zagreb and was its director from 1992 until retirement in 2012. He was professor at the Croatian Studies in Zagreb and at the Department for Philosophy of the Zadar University.</p>
<p>Since 2018. he is a full member of the Croatian Academy of Sciences and Arts in the Department of Social Sciences.</p>
<p>Tomičić led many archaeological researches in continental Croatia (early medieval cemeteries Josipovo and Zvonimirovo, old towns Ivanec, Krapina, Klenovec Humski, Ilok). He deals with late antique and medieval themes, especially Slavic culture of the early middle ages, fortified cities, problems of archaeological topography and urban archaeology.</p>
<p>Main works: <em>Prilog istraživanju kronologije srednjovjekovnoga groblja na položaju Lijeva bara u Vukovaru</em> (<span id="tgtAlignment_182" class="ts-alignment-element" data-is-focusable="true">in</span> <span id="tgtAlignment_183" class="ts-alignment-element" data-is-focusable="true">the</span> <span id="tgtAlignment_184" class="ts-alignment-element" data-is-focusable="true">journal</span> <span id="tgtAlignment_185" class="ts-alignment-element" data-is-focusable="true">Starohrvatska</span> <span id="tgtAlignment_186" class="ts-alignment-element" data-is-focusable="true">prosvjeta</span>, 1992), <em>Zvonimirovo i Josipovo: groblja starohrvatskoga doba u Virovitičko-podravskoj županiji</em> (1997), <em>Panonski periplus</em> (1999), <em>Arheološka slika ranoga srednjeg vijeka na prostoru međurječja Drave, Dunava i Save</em> (in the book <em>Hrvati i Karolinzi</em>, 2000), <em>Suhopolje – Kliškovac. Od mjestopisa do arheološke spoznaje</em> (co-author Kristina Jelinčić, 2011).</p>
